 - 8*r - 5. Let n(g) = -4*g + 10*g + g**2 - 2 + 2. Let j be n(-5). What is the remainder when 27 is divided by t(j)?
7
Let u(g) = -g**2 + 4*g**2 + 7 + 0*g**2 - 3*g. Suppose 0 = 4*h - 16 + 4. What is the remainder when u(h) is divided by 7?
4
Let o(a) = -5*a**3 + a**2 + a + 1. Let w(n) = -26*n - 1486. What is the remainder when w(-58) is divided by o(-1)?
4
Let q = 620 + -466. What is the remainder when q is divided by 62?
30
Calculate the remainder when 701 is divided by 1*((-12)/15 + 966/70).
12
Suppose -10*p = -59*p + 1617. What is the remainder when p is divided by 33?
0
Let f = -117 + 119. What is the remainder when -1*(-2)/f + 43 + 1 is divided by 6?
3
Let g = 46 + 4. Suppose z = -6*z - 203. Let t = z + 42. What is the remainder when g is divided by t?
11
Suppose 0 = 3*n - 7*n - h + 129, 0 = h - 1. What is the remainder when 121 is divided by n?
25
Let w(n) = -n**3 - 28*n**2 - 171*n - 3. What is the remainder when w(-6) is divided by 54?
15
Let h = 1131 - 1119. What is the remainder when 19 is divided by h?
7
Let n = -25 - -60. What is the remainder when 1224 is divided by n?
34
Let c(r) = 3*r - 57. Let f be c(20). Suppose 3*i - 78 = f*u, 0 = 2*i + 4*u - 2*u - 32. Calculate the remainder when 104 is divided by i.
20
Let s be (-9)/(135/10)*-6. Suppose s*d - 11 = 33. Let f = -11 - -15. What is the remainder when d is divided by f?
3
Suppose 6*t - 116 = 2*t. Suppose 0 = -5*j - 1 + 21. Suppose d + 51 = 4*h + h, h + j*d = 6. Calculate the remainder when t is divided by h.
9
Suppose -59*a = -70*a + 5797. Calculate the remainder when a is divided by 4.
3
Let b be ((-592)/(-9) - -4) + 2/9. Suppose 3*q - 4*q = -l + 82, -3*q = l - b. Calculate the remainder when l is divided by 20.
19
Calculate the remainder when (-14842)/(-123)*6/4 is divided by 7.
6
Let o(i) = -2*i**2 + i**2 - 7*i - 3*i - 3. Calculate the remainder when 124 is divided by o(-7).
16
Let z = 41 - 26. Let d be ((-1)/(-4))/((-2)/(-16)). Suppose -r = -d*r + z. Calculate the remainder when r is divided by 6.
3
Suppose -2 = -j - 1. Let r be (4 + 0 + 0)/j. Suppose 0 = -r*x + 5*v + 142, 0 = -5*x - 0*v - 2*v + 161. What is the remainder when x is divided by 9?
6
Let y(v) = -v**3 + 10*v**2 - 15*v + 21. Let h be y(9). Let g = h - -42. What is the remainder when g is divided by 3?
0
Let s(g) = g**2 + 27*g - 69. Let d be s(-28). Let v = 58 + d. What is the remainder when 66 is divided by v?
15
Let i be (-2)/13 + (-2805)/(-65). Let d = i + -34. Calculate the remainder when 17 is divided by d.
8
Suppose 1 + 2 = m. Calculate the remainder when 8 is divided by (0 + 15)/5 - (m + -2).
0
Let c = 3 + -2. Suppose 2*k - c - 12 = f, 2*k + 7 = 5*f. Calculate the remainder when 11 is divided by k.
2
Let s(n) = n**2 - n - 1. Let v(z) = -z**3 + 9*z**2 - 4*z - 7. Let b(m) = -4*s(m) + v(m). Calculate the remainder when 25 is divided by b(4).
12
Calculate the remainder when 270 is divided by -1 + (-4 - -1) - -30.
10
Suppose -53*z + 70*z = 765. Calculate the remainder when 87 is divided by z.
42
Let t = -77 - -112. Suppose 3 = -d - 0*d - 2*l, -3*d - 12 = 3*l. Let n(u) = -4*u**2 - 22*u - 1. Calculate the remainder when t is divided by n(d).
8
Suppose -u = 3*p + 4*u - 280, 0 = -p - 2*u + 93. Suppose -p = -13*y + 48. What is the remainder when y is divided by (6/7)/((-3)/(-21))?
5
Suppose -5*s - 1294 = -1364. Calculate the remainder when 16 is divided by s.
2
Let i = -86 + 80. Let l(a) = -a**3 - 3*a**2 + 12*a - 7. Calculate the remainder when 56 is divided by l(i).
27
Let n(w) = -3*w**2 - 2*w + 3. Let r be n(-3). Let t = 23 + r. Calculate the remainder when 38 is divided by t.
3
Suppose -7*m - 45 = -6*m. Let a(s) = 14*s**2 - 6*s - 2. Let f be a(-2). Let z = f + m. Calculate the remainder when 81 is divided by z.
18
Suppose -46*o + 328 = -42*o. Suppose -4*k - 42 = -7*k. Calculate the remainder when o is divided by k.
12
Suppose 0 = 6*u - 149 + 83. What is the remainder when (-2)/(-1) + (97 - 1) is divided by u?
10
Let h = -8 + 5. Calculate the remainder when 23 - (-1 - h - 4) is divided by 14.
11
Let t = -77 - -239. Let b = t + -81. Calculate the remainder when b is divided by 17.
13
Let s be (-63)/(-35) - (-1)/5. Suppose s*d = -4*v + 72, -5*v + 4*d = -103 + 26. Calculate the remainder when v is divided by 4.
1
Suppose 0 = -2*z - 5*w + 19, -3*z + 26 = 3*w + 2*w. Let s = 859 + -833. Calculate the remainder when s is divided by z.
5
Suppose 5 = p + 1. Suppose 5*k - 33 = -2*f, -3*f + 0*k - 8 = -p*k. Calculate the remainder when 15 is divided by f.
3
Suppose 11*h + 3*h - 196 = 0. What is the remainder when 111 is divided by h?
13
Suppose 5*n = 58 + 27. Let f = 14 - 7. Suppose -f*v - 30 = -10*v. Calculate the remainder when n is divided by v.
7
Let a = 95 - 30. Let x = a + -10. Suppose -4*v = 3*h - 68, 5*v - 56 = -h + 18. Calculate the remainder when x is divided by v.
13
Let m(t) = -t + 16. What is the remainder when 216 is divided by m(6)?
6
Suppose -10 - 5 = -3*r. Let t(j) = -3*j + 6. Let i be t(2). Suppose 4*z - 32 = -3*o, -4*o - 3*z + 2*z + 60 = i. Calculate the remainder when o is divided by r.
1
What is the remainder when (-29)/(((-24)/36)/(12/9)) is divided by 12?
10
Suppose 37*d + 4*l = 36*d + 41, d - 35 = -2*l. Calculate the remainder when 80 is divided by d.
22
Let b = 254 + -185. Calculate the remainder when b is divided by 10.
9
Let g(a) = -a + 42. Let i(d) = d - 41. Let u(y) = -5*g(y) - 6*i(y). What is the remainder when 26 is divided by u(25)?
4
Suppose -3*i - 4*t = 57 - 607, 2*t = 5*i - 882. Calculate the remainder when i is divided by 424/7 - 4/7.
58
Let y = -59 + 85. What is the remainder when (-20170)/(-130) + (10/65)/(-1) is divided by y?
25
Let j = -323 + 337. What is the remainder when 27 is divided by j?
13
Suppose 16*q - 13021 + 1917 = 0. What is the remainder when q is divided by 29?
27
Suppose 10 + 46 = 4*v. What is the remainder when (935/22)/((-90)/(-36)) is divided by v?
3
Let j(t) = -2*t**2 - 29*t - 54. Let s(v) = -3*v**2 - 44*v - 81. Let y(o) = -7*j(o) + 5*s(o). What is the remainder when 131 is divided by y(-12)?
32
Suppose -4*z + 5*m = m - 136, -4*z + 2*m = -126. Calculate the remainder when 40 is divided by z.
11
Suppose 3*y - 45 = 15*d - 20*d, -10 = 2*y. Calculate the remainder when 367 is divided by d.
7
Let n = -151 + 57. Let o = -7 - n. Calculate the remainder when o is divided by 22.
21
Suppose -5*x + 4*x + 36 = -4*f, -48 = -2*x - 4*f. What is the remainder when 49 is divided by x?
21
Suppose j - 5*p = 16, -12*j - 2*p = -13*j + 10. Calculate the remainder when 515 is divided by j.
5
Let w = 7 + -2. Suppose 3*x = 4*x - w. Suppose 19*g - 54 = g. What is the remainder when x is divided by g?
2
Let s = -50 + 53. Suppose -s*v + 10 = -x - 40, 0 = -2*v + 4*x + 40. What is the remainder when v is divided by 7?
2
Let k(t) = -18*t + 111. Calculate the remainder when k(-4) is divided by 8.
7
Calculate the remainder when 255 is divided by (228/18 - 12)/((-4)/(-390)).
60
Suppose 5*z = -3*n + 56, -10 = n - 7. What is the remainder when 402 is divided by z?
12
Suppose 8*l - 11*l + 45 = 5*w, -4*l = 20. Suppose w*t - 10*t = 278. Calculate the remainder when t is divided by 13.
9
Suppose -2*y - 4*u + 88 = 0, -2*u + 25 + 55 = 2*y. Calculate the remainder when 53 is divided by y.
17
Suppose 12*n - 9*n = 132. Calculate the remainder when 350 is divided by n.
42
Suppose -6*y + 4*y = 0. Suppose 2*o + y*o - 48 = 0. What is the remainder when o is divided by 7?
3
Let k = 260 + -176. Let r = -70 + k. What is the remainder when 26 is divided by r?
12
Let t(f) be the third derivative of 2*f**4/3 + 3*f**3/2 + 45*f**2. Calculate the remainder when t(2) is divided by 9.
5
Let w(r) = -4*r. Let v(f) = 4*f**3 + 47*f**2 - 13*f - 6. What is the remainder when w(-6) is divided by v(-12)?
0
Let j(a) = -11*a - 233. What is the remainder when j(-34) is divided by 36?
33
Let g(u) = -6 + 8 + 9*u - 2*u. Let j be g(9). Suppose 3*p - 2*s - 110 = j, -3*p + 191 = 2*s. What is the remainder when p is divided by 21?
19
Suppose -69 - 299 = -8*k. Suppose k = 3*x + u, -2*u = x + 4*x - 76. Calculate the remainder when 61 is divided by x.
13
Suppose 4*a = 5*o + 19, 0 = 29*a - 26*a - 5*o - 8. Let z = -1 - -20. What is the remainder when z is divided by a?
8
Let i = 696 - 685. What is the remainder when 98 is divided by i?
10
Let w(c